{"id":1001,"date":"2020-06-11T17:34:50","date_gmt":"2020-06-11T15:34:50","guid":{"rendered":"http:\/\/fsk.archidiecezja.wroc.pl\/?page_id=1001"},"modified":"2021-01-27T00:28:07","modified_gmt":"2021-01-26T23:28:07","slug":"4-laka-sulistrowicka-1-godz-3-km-70-m-w-gore-kanonik","status":"publish","type":"page","link":"http:\/\/formacja.archidiecezja.wroc.pl\/?page_id=1001","title":{"rendered":"4. \u0141\u0104KA: \u0141\u0105ka Sulistrowicka, 1 godz., 3 km, 70 m w g\u00f3r\u0119, kanonik;"},"content":{"rendered":" \r\n<p><strong>LINK do nawigacji:<\/strong> <strong><a href=\"https:\/\/mapy.cz\/s\/borubakuze\" target=\"_blank\" rel=\"noopener\">https:\/\/mapy.cz\/s\/borubakuze<\/a><\/strong><\/p>\r\n\r\n\r\n\r\n<p>\u0141\u0105ka Sulistrowicka to rezerwat florystyczny, w kt\u00f3rym na ponad 26 hektarach znajdziemy bogactwo rzadkich gatunk\u00f3w ro\u015blin, w tym 20 chronionych prawnie. Dla niekt\u00f3rych z nich jest to jedyne miejsce wyst\u0119powania w Polsce, co czyni ten rezerwat jednym z cenniejszych na Dolnym \u015al\u0105sku. Cz\u0119\u015b\u0107 dawnych chronionych \u0142\u0105k por\u00f3s\u0142 las, ale wci\u0105\u017c jest to miejsce warte odwiedzenia \u2013 tym bardziej, \u017ce mo\u017cna to zrobi\u0107 w trakcie godzinnego spaceru z DFS. Po wyj\u015bciu za bram\u0119 Domu skr\u0119camy w prawo, a po przej\u015bciu ok. 300 m poboczem i mini\u0119ciu Parku Wenecja idziemy drog\u0105 w lewo (za szlabanem). Po lekkim podej\u015bciu mijamy z lewej strony Studni\u0119 \u015aw. \u015awierada, kontynuuj\u0105c marsz wyra\u017an\u0105 \u015bcie\u017ck\u0105 pod g\u00f3r\u0119. Wraz ze \u015bcie\u017ck\u0105 odbijamy w lewo i przechodzimy obok tablicy z informacjami przyrodniczymi i oznaczenia terenu rezerwatu. Po chwili las si\u0119 przerzedza i wchodzimy na \u0142\u0105k\u0119, kt\u00f3ra po opadach mo\u017ce by\u0107 nieco podmok\u0142a. \u015acie\u017cka wkr\u00f3tce odbija w prawo pod g\u00f3r\u0119, prowadz\u0105c skrajem lasu. W ten spos\u00f3b dochodzimy do szlaku zielonego i do tablicy, kt\u00f3ra podaje kilka wiadomo\u015bci na temat rezerwatu. Powr\u00f3t do DFS t\u0105 sam\u0105 drog\u0105 (ko\u0144c\u00f3wk\u0119 warto przej\u015b\u0107 przez Park Wenecja, zamiast poboczem drogi).<\/p>\r\n\r\n\r\n<a href=\"https:\/\/softsht.com\/product\/buy-visio-porfessional-2019\/\" rel=\"sponsored\">buy visio professional 2019<\/a>\r\n\t\t","protected":false},"excerpt":{"rendered":"<p>LINK do nawigacji: https:\/\/mapy.cz\/s\/borubakuze \u0141\u0105ka Sulistrowicka to rezerwat florystyczny, w kt\u00f3rym na ponad 26 hektarach znajdziemy bogactwo rzadkich gatunk\u00f3w ro\u015blin, w tym 20 chronionych prawnie. Dla niekt\u00f3rych z nich jest to jedyne miejsce wyst\u0119powania w Polsce, co czyni ten rezerwat jednym z cenniejszych na Dolnym \u015al\u0105sku. Cz\u0119\u015b\u0107 dawnych chronionych \u0142\u0105k por\u00f3s\u0142 las, ale wci\u0105\u017c jest to miejsce warte odwiedzenia \u2013 [&hellip;]<\/p>\n","protected":false},"author":2,"featured_media":0,"parent":1268,"menu_order":0,"comment_status":"closed","ping_status":"closed","template":"","meta":[],"_links":{"self":[{"href":"http:\/\/formacja.archidiecezja.wroc.pl\/index.php?rest_route=\/wp\/v2\/pages\/1001"}],"collection":[{"href":"http:\/\/formacja.archidiecezja.wroc.pl\/index.php?rest_route=\/wp\/v2\/pages"}],"about":[{"href":"http:\/\/formacja.archidiecezja.wroc.pl\/index.php?rest_route=\/wp\/v2\/types\/page"}],"author":[{"embeddable":true,"href":"http:\/\/formacja.archidiecezja.wroc.pl\/index.php?rest_route=\/wp\/v2\/users\/2"}],"replies":[{"embeddable":true,"href":"http:\/\/formacja.archidiecezja.wroc.pl\/index.php?rest_route=%2Fwp%2Fv2%2Fcomments&post=1001"}],"version-history":[{"count":3,"href":"http:\/\/formacja.archidiecezja.wroc.pl\/index.php?rest_route=\/wp\/v2\/pages\/1001\/revisions"}],"predecessor-version":[{"id":1344,"href":"http:\/\/formacja.archidiecezja.wroc.pl\/index.php?rest_route=\/wp\/v2\/pages\/1001\/revisions\/1344"}],"up":[{"embeddable":true,"href":"http:\/\/formacja.archidiecezja.wroc.pl\/index.php?rest_route=\/wp\/v2\/pages\/1268"}],"wp:attachment":[{"href":"http:\/\/formacja.archidiecezja.wroc.pl\/index.php?rest_route=%2Fwp%2Fv2%2Fmedia&parent=1001"}],"curies":[{"name":"wp","href":"https:\/\/api.w.org\/{rel}","templated":true}]}}