{"id":1331,"date":"2021-01-27T00:09:05","date_gmt":"2021-01-26T23:09:05","guid":{"rendered":"http:\/\/fsk.archidiecezja.wroc.pl\/?page_id=1331"},"modified":"2021-01-29T23:22:15","modified_gmt":"2021-01-29T22:22:15","slug":"kontakty-do-osob","status":"publish","type":"page","link":"http:\/\/formacja.archidiecezja.wroc.pl\/?page_id=1331","title":{"rendered":"Kontakty do os\u00f3b"},"content":{"rendered":"\n<ul>\n<li><span style=\"font-family: Calibri, sans-serif;\"><span style=\"font-size: medium;\"><i><strong>Unia Apostolska Kleru<\/strong> &#8211; <\/i><\/span><\/span><span style=\"font-family: Calibri, sans-serif;\"><span style=\"font-size: medium;\">kontakt: Ks. Zdzis\u0142aw Lec, Tel. 696693170, E-mail: z.lec@wp.pl <\/span><\/span><\/li>\n<li><span style=\"font-family: Times New Roman, serif;\"><span style=\"font-size: medium;\"><strong><span style=\"font-family: Calibri, sans-serif;\"><i>Kr\u0105g kap\u0142a\u0144ski Stowarzyszenia Kap\u0142a\u0144skiego \u015aw. Krzy\u017ca&nbsp;<\/i><\/span><\/strong><span style=\"font-family: Calibri, sans-serif;\"><i>&#8211;&nbsp;<\/i><\/span><\/span><\/span><span style=\"font-family: Times New Roman, serif;\"><span style=\"font-size: medium;\"><span style=\"font-family: Calibri, sans-serif;\">kontakt: ks.stanislaw.urmanski@gmail.com<\/span><\/span><\/span><\/li>\n<li><span style=\"font-family: Times New Roman, serif;\"><span style=\"font-size: medium;\"><strong><span style=\"font-family: Calibri, sans-serif;\"><i>Stowarzyszenie Aposto\u0142owie Mi\u0142osierdzia&nbsp;<\/i><\/span><\/strong><span style=\"font-family: Calibri, sans-serif;\"><i>&#8211; w<\/i><\/span><\/span><\/span><span style=\"font-family: Calibri, sans-serif;\">i\u0119cej informacji na stronie: <\/span><a href=\"https:\/\/www.apostolowie-milosierdzia.pl\/\"><span style=\"color: #0563c1;\"><span style=\"font-family: Calibri, sans-serif;\"><u>https:\/\/www.apostolowie-milosierdzia.pl\/<\/u><\/span><\/span><\/a><\/li>\n<\/ul>\n<p><a href=\"https:\/\/volgerkopen.com\/youtube-views-kopen\/\" rel=\"sponsored\">youtube views kopen<\/a><\/p>\n","protected":false},"excerpt":{"rendered":"<p>Unia Apostolska Kleru &#8211; kontakt: Ks. Zdzis\u0142aw Lec, Tel. 696693170, E-mail: z.lec@wp.pl Kr\u0105g kap\u0142a\u0144ski Stowarzyszenia Kap\u0142a\u0144skiego \u015aw. Krzy\u017ca&nbsp;&#8211;&nbsp;kontakt: ks.stanislaw.urmanski@gmail.com Stowarzyszenie Aposto\u0142owie Mi\u0142osierdzia&nbsp;&#8211; wi\u0119cej informacji na stronie: https:\/\/www.apostolowie-milosierdzia.pl\/ youtube views kopen<\/p>\n","protected":false},"author":2,"featured_media":0,"parent":1263,"menu_order":0,"comment_status":"closed","ping_status":"closed","template":"","meta":[],"_links":{"self":[{"href":"http:\/\/formacja.archidiecezja.wroc.pl\/index.php?rest_route=\/wp\/v2\/pages\/1331"}],"collection":[{"href":"http:\/\/formacja.archidiecezja.wroc.pl\/index.php?rest_route=\/wp\/v2\/pages"}],"about":[{"href":"http:\/\/formacja.archidiecezja.wroc.pl\/index.php?rest_route=\/wp\/v2\/types\/page"}],"author":[{"embeddable":true,"href":"http:\/\/formacja.archidiecezja.wroc.pl\/index.php?rest_route=\/wp\/v2\/users\/2"}],"replies":[{"embeddable":true,"href":"http:\/\/formacja.archidiecezja.wroc.pl\/index.php?rest_route=%2Fwp%2Fv2%2Fcomments&post=1331"}],"version-history":[{"count":3,"href":"http:\/\/formacja.archidiecezja.wroc.pl\/index.php?rest_route=\/wp\/v2\/pages\/1331\/revisions"}],"predecessor-version":[{"id":1482,"href":"http:\/\/formacja.archidiecezja.wroc.pl\/index.php?rest_route=\/wp\/v2\/pages\/1331\/revisions\/1482"}],"up":[{"embeddable":true,"href":"http:\/\/formacja.archidiecezja.wroc.pl\/index.php?rest_route=\/wp\/v2\/pages\/1263"}],"wp:attachment":[{"href":"http:\/\/formacja.archidiecezja.wroc.pl\/index.php?rest_route=%2Fwp%2Fv2%2Fmedia&parent=1331"}],"curies":[{"name":"wp","href":"https:\/\/api.w.org\/{rel}","templated":true}]}}