{"id":98,"date":"2019-11-01T00:23:48","date_gmt":"2019-10-31T23:23:48","guid":{"rendered":"http:\/\/fsk.archidiecezja.wroc.pl\/?page_id=98"},"modified":"2026-03-12T16:41:05","modified_gmt":"2026-03-12T15:41:05","slug":"rekolekcje","status":"publish","type":"page","link":"http:\/\/formacja.archidiecezja.wroc.pl\/?page_id=98","title":{"rendered":"REKOLEKCJE KAP\u0141A\u0143SKIE 2026"},"content":{"rendered":"\t\t<div data-elementor-type=\"wp-page\" data-elementor-id=\"98\" class=\"elementor elementor-98\" data-elementor-settings=\"[]\">\n\t\t\t\t\t\t<div class=\"elementor-inner\">\n\t\t\t\t\t\t\t<div class=\"elementor-section-wrap\">\n\t\t\t\t\t\t\t<section class=\"elementor-section elementor-top-section elementor-element elementor-element-273f161f elementor-section-boxed elementor-section-height-default elementor-section-height-default\" data-id=\"273f161f\" data-element_type=\"section\">\n\t\t\t\t\t\t<div class=\"elementor-container elementor-column-gap-default\">\n\t\t\t\t\t\t\t<div class=\"elementor-row\">\n\t\t\t\t\t<div class=\"elementor-column elementor-col-100 elementor-top-column elementor-element elementor-element-51bcc7e8\" data-id=\"51bcc7e8\" data-element_type=\"column\">\n\t\t\t<div class=\"elementor-column-wrap elementor-element-populated\">\n\t\t\t\t\t\t\t<div class=\"elementor-widget-wrap\">\n\t\t\t\t\t\t<div class=\"elementor-element elementor-element-5fcf2a9b elementor-widget elementor-widget-text-editor\" data-id=\"5fcf2a9b\" data-element_type=\"widget\" data-widget_type=\"text-editor.default\">\n\t\t\t\t<div class=\"elementor-widget-container\">\n\t\t\t\t\t\t\t\t<div class=\"elementor-text-editor elementor-clearfix\">\n\t\t\t\t<p><!-- wp:paragraph --><\/p>\n<p style=\"margin-bottom: 0cm;\"><i>P\u00f3jd\u017acie wy sami osobno na miejsce pustynne i wypocznijcie nieco<\/i> (Mk\u00a06, 31)<\/p>\n<p style=\"margin-bottom: 0cm;\">W roku 2026 zapraszamy na nast\u0119puj\u0105ce rekolekcje kap\u0142a\u0144skie:<\/p>\n<ul>\n<li>21-24 czerwca 2026, o. Oskar Maciaczyk OFM, <i>\u201eNaucz mnie, Panie, Twej drogi\u201d (Ps 86, 11)<\/i>.<\/li>\n<li>27-30 wrze\u015bnia 2026, ks. Andrzej Muszala, <i>Kap\u0142an \u2013 cz\u0142owiek modlitwy i m\u0105dro\u015bci<\/i>.<\/li>\n<li>18-21 pa\u017adziernika 2026, ks. S\u0142awomir Stasiak, <i>Rekolekcje z Prorokiem Eliaszem.<\/i><\/li>\n<li>25-28 pa\u017adziernika 2026,<i> Rekolekcje dla Dekanalnych Ojc\u00f3w Duchownych<\/i>, G\u0142\u0119bowice.<\/li>\n<li>15-18 listopada 2026, ks. Maciej Tarnowski, <i>\u201eUwiod\u0142e\u015b mnie Panie, a ja pozwoli\u0142em si\u0119 uwie\u015b\u0107\u2026\u201d (Jr 20, 7-9). Prorok w kryzysie<\/i>.<\/li>\n<\/ul>\n<p style=\"margin-bottom: 0cm;\">Rekolekcje odbywaj\u0105 si\u0119 w ciszy. Ka\u017cdy z ksi\u0119\u017cy ma do dyspozycji jednoosobowy pok\u00f3j z \u0142azienk\u0105. Ilo\u015b\u0107 uczestnik\u00f3w \u2013 do 12 os\u00f3b. Rozpocz\u0119cie w niedziel\u0119 kolacj\u0105, zako\u0144czenie w czwartek obiadem.<\/p>\n<p style=\"margin-bottom: 0cm;\">Mo\u017cliwe jest przeprowadzenie osobnych rekolekcji kap\u0142a\u0144skich dla r\u00f3\u017cnych grup (rocznik\u00f3w, wsp\u00f3lnot).<\/p>\n<p style=\"margin-bottom: 0cm;\">\u00a0<\/p>\n<p style=\"margin-bottom: 0cm;\">Zg\u0142oszenia mailem: <a href=\"mailto:domformacji@gmail.com\"><span style=\"color: #0563c1;\"><u>domformacji@gmail.com<\/u><\/span><\/a> lub telefonicznie: +48 725 935 827, +48 71\u00a0711 71 72<\/p>\n<p>\u00a0<\/p>\n<div>\n<div>\u00a0<\/div>\n<\/div>\n<p style=\"margin-bottom: 0cm;\">\u00a0<\/p>\n<p><!-- \/wp:paragraph --><\/p>\n<p><!-- wp:paragraph --><\/p>\n<p><!-- \/wp:paragraph --><\/p>\t\t\t\t\t<\/div>\n\t\t\t\t\t\t<\/div>\n\t\t\t\t<\/div>\n\t\t\t\t\t\t<\/div>\n\t\t\t\t\t<\/div>\n\t\t<\/div>\n\t\t\t\t\t\t\t\t<\/div>\n\t\t\t\t\t<\/div>\n\t\t<\/section>\n\t\t\t\t\t\t<\/div>\n\t\t\t\t\t\t<\/div>\n\t\t\t\t\t<\/div>\n\t\t","protected":false},"excerpt":{"rendered":"<p>P\u00f3jd\u017acie wy sami osobno na miejsce pustynne i wypocznijcie nieco (Mk\u00a06, 31) W roku 2026 zapraszamy na nast\u0119puj\u0105ce rekolekcje kap\u0142a\u0144skie: 21-24 czerwca 2026, o. Oskar Maciaczyk OFM, \u201eNaucz mnie, Panie, Twej drogi\u201d (Ps 86, 11). 27-30 wrze\u015bnia 2026, ks. Andrzej Muszala, Kap\u0142an \u2013 cz\u0142owiek modlitwy i m\u0105dro\u015bci. 18-21 pa\u017adziernika 2026, ks. S\u0142awomir Stasiak, Rekolekcje z Prorokiem Eliaszem. 25-28 pa\u017adziernika 2026, [&hellip;]<\/p>\n","protected":false},"author":2,"featured_media":864,"parent":0,"menu_order":0,"comment_status":"closed","ping_status":"closed","template":"","meta":[],"_links":{"self":[{"href":"http:\/\/formacja.archidiecezja.wroc.pl\/index.php?rest_route=\/wp\/v2\/pages\/98"}],"collection":[{"href":"http:\/\/formacja.archidiecezja.wroc.pl\/index.php?rest_route=\/wp\/v2\/pages"}],"about":[{"href":"http:\/\/formacja.archidiecezja.wroc.pl\/index.php?rest_route=\/wp\/v2\/types\/page"}],"author":[{"embeddable":true,"href":"http:\/\/formacja.archidiecezja.wroc.pl\/index.php?rest_route=\/wp\/v2\/users\/2"}],"replies":[{"embeddable":true,"href":"http:\/\/formacja.archidiecezja.wroc.pl\/index.php?rest_route=%2Fwp%2Fv2%2Fcomments&post=98"}],"version-history":[{"count":163,"href":"http:\/\/formacja.archidiecezja.wroc.pl\/index.php?rest_route=\/wp\/v2\/pages\/98\/revisions"}],"predecessor-version":[{"id":2640,"href":"http:\/\/formacja.archidiecezja.wroc.pl\/index.php?rest_route=\/wp\/v2\/pages\/98\/revisions\/2640"}],"wp:featuredmedia":[{"embeddable":true,"href":"http:\/\/formacja.archidiecezja.wroc.pl\/index.php?rest_route=\/wp\/v2\/media\/864"}],"wp:attachment":[{"href":"http:\/\/formacja.archidiecezja.wroc.pl\/index.php?rest_route=%2Fwp%2Fv2%2Fmedia&parent=98"}],"curies":[{"name":"wp","href":"https:\/\/api.w.org\/{rel}","templated":true}]}}

REKOLEKCJE KAPŁAŃSKIE 2026

<div data-elementor-type="wp-page" data-elementor-id="98" class="elementor elementor-98" data-elementor-settings="[]">
						<div class="elementor-inner">
							<div class="elementor-section-wrap">
							<section class="elementor-section elementor-top-section elementor-element elementor-element-273f161f elementor-section-boxed elementor-section-height-default elementor-section-height-default" data-id="273f161f" data-element_type="section">
						<div class="elementor-container elementor-column-gap-default">
							<div class="elementor-row">
					<div class="elementor-column elementor-col-100 elementor-top-column elementor-element elementor-element-51bcc7e8" data-id="51bcc7e8" data-element_type="column">
			<div class="elementor-column-wrap elementor-element-populated">
							<div class="elementor-widget-wrap">
						<div class="elementor-element elementor-element-5fcf2a9b elementor-widget elementor-widget-text-editor" data-id="5fcf2a9b" data-element_type="widget" data-widget_type="text-editor.default">
				<div class="elementor-widget-container">
								<div class="elementor-text-editor elementor-clearfix">
				<p><!-- wp:paragraph --></p>
<p style="margin-bottom: 0cm;"><i>Pójdźcie wy sami osobno na miejsce pustynne i wypocznijcie nieco</i> (Mk 6, 31)</p>
<p style="margin-bottom: 0cm;">W roku 2026 zapraszamy na następujące rekolekcje kapłańskie:</p>
<ul>
<li>21-24 czerwca 2026, o. Oskar Maciaczyk OFM, <i>„Naucz mnie, Panie, Twej drogi” (Ps 86, 11)</i>.</li>
<li>27-30 września 2026, ks. Andrzej Muszala, <i>Kapłan – człowiek modlitwy i mądrości</i>.</li>
<li>18-21 października 2026, ks. Sławomir Stasiak, <i>Rekolekcje z Prorokiem Eliaszem.</i></li>
<li>25-28 października 2026,<i> Rekolekcje dla Dekanalnych Ojców Duchownych</i>, Głębowice.</li>
<li>15-18 listopada 2026, ks. Maciej Tarnowski, <i>„Uwiodłeś mnie Panie, a ja pozwoliłem się uwieść…” (Jr 20, 7-9). Prorok w kryzysie</i>.</li>
</ul>
<p style="margin-bottom: 0cm;">Rekolekcje odbywają się w ciszy. Każdy z księży ma do dyspozycji jednoosobowy pokój z łazienką. Ilość uczestników – do 12 osób. Rozpoczęcie w niedzielę kolacją, zakończenie w czwartek obiadem.</p>
<p style="margin-bottom: 0cm;">Możliwe jest przeprowadzenie osobnych rekolekcji kapłańskich dla różnych grup (roczników, wspólnot).</p>
<p style="margin-bottom: 0cm;"> </p>
<p style="margin-bottom: 0cm;">Zgłoszenia mailem: <a href="mailto:domformacji@gmail.com"><span style="color: #0563c1;"><u>domformacji@gmail.com</u></span></a> lub telefonicznie: +48 725 935 827, +48 71 711 71 72</p>
<p> </p>
<div>
<div> </div>
</div>
<p style="margin-bottom: 0cm;"> </p>
<p><!-- /wp:paragraph --></p>
<p><!-- wp:paragraph --></p>
<p><!-- /wp:paragraph --></p>					</div>
						</div>
				</div>
						</div>
					</div>
		</div>
								</div>
					</div>
		</section>
						</div>
						</div>
					</div>

<p>Pójdźcie wy sami osobno na miejsce pustynne i wypocznijcie nieco (Mk 6, 31) W roku 2026 zapraszamy na następujące rekolekcje kapłańskie: 21-24 czerwca 2026, o. Oskar Maciaczyk OFM, „Naucz mnie, Panie, Twej drogi” (Ps 86, 11). 27-30 września 2026, ks. Andrzej Muszala, Kapłan – człowiek modlitwy i mądrości. 18-21 października 2026, ks. Sławomir Stasiak, Rekolekcje z Prorokiem Eliaszem. 25-28 października 2026, [&hellip;]</p>
