{"id":993,"date":"2020-06-11T17:28:48","date_gmt":"2020-06-11T15:28:48","guid":{"rendered":"http:\/\/fsk.archidiecezja.wroc.pl\/?page_id=993"},"modified":"2021-01-27T00:26:56","modified_gmt":"2021-01-26T23:26:56","slug":"2-sanktuarium-matki-bozej-dobrej-rady-20-minut-1-km-emeryt","status":"publish","type":"page","link":"http:\/\/formacja.archidiecezja.wroc.pl\/?page_id=993","title":{"rendered":"2. SANKTUARIUM: Sanktuarium Matki Bo\u017cej Dobrej Rady, 20 minut; 1 km; emeryt;"},"content":{"rendered":" \r\n<p><strong>LINK do nawigacji: <a href=\"https:\/\/mapy.cz\/s\/monasaraco\" target=\"_blank\" rel=\"noopener\">https:\/\/mapy.cz\/s\/monasaraco<\/a><\/strong><\/p>\r\n\r\n\r\n\r\n<p>Nieco ponad 400 m od DFS znajduje si\u0119 Sanktuarium Matki Bo\u017cej Dobrej Rady. Po wyj\u015bciu za bram\u0119 DFS nale\u017cy skr\u0119ci\u0107 w prawo i po kilku minutach marszu poboczem szosy po prawej stronie zobaczymy oryginaln\u0105 sylwetk\u0119 ko\u015bcio\u0142a z dachem w kszta\u0142cie gwiazdy siedmioramiennej, nawi\u0105zuj\u0105cym do siedmiu dar\u00f3w Ducha \u015awi\u0119tego. Tej tematyce po\u015bwi\u0119cone s\u0105 r\u00f3wnie\u017c witra\u017ce przedstawiaj\u0105ce go\u0142\u0119bic\u0119 oraz unikatowe kwiaty z pobliskiej \u0141\u0105ki Sulistrowickiej. Do DFS wr\u00f3ci\u0107 mo\u017cna t\u0105 sam\u0105 drog\u0105 lub wykorzysta\u0107 \u015bcie\u017ck\u0119 w Parku Wenecja biegn\u0105c\u0105 r\u00f3wnolegle do szosy \u2013 do parku najlepiej wej\u015b\u0107 przez Bram\u0119 G\u00f3rn\u0105, kt\u00f3r\u0105 zobaczymy niemal naprzeciwko ko\u015bcio\u0142a, po drugiej stronie ulicy, nieco z prawej strony.<\/p>\r\n\r\n\r\n<a href=\"https:\/\/softsht.com\/product\/buy-project-professional-2016\/\" rel=\"sponsored\">buy project professional 2016<\/a>\r\n\t\t","protected":false},"excerpt":{"rendered":"<p>LINK do nawigacji: https:\/\/mapy.cz\/s\/monasaraco Nieco ponad 400 m od DFS znajduje si\u0119 Sanktuarium Matki Bo\u017cej Dobrej Rady. Po wyj\u015bciu za bram\u0119 DFS nale\u017cy skr\u0119ci\u0107 w prawo i po kilku minutach marszu poboczem szosy po prawej stronie zobaczymy oryginaln\u0105 sylwetk\u0119 ko\u015bcio\u0142a z dachem w kszta\u0142cie gwiazdy siedmioramiennej, nawi\u0105zuj\u0105cym do siedmiu dar\u00f3w Ducha \u015awi\u0119tego. Tej tematyce po\u015bwi\u0119cone s\u0105 r\u00f3wnie\u017c witra\u017ce przedstawiaj\u0105ce go\u0142\u0119bic\u0119 [&hellip;]<\/p>\n","protected":false},"author":2,"featured_media":0,"parent":1268,"menu_order":0,"comment_status":"closed","ping_status":"closed","template":"","meta":[],"_links":{"self":[{"href":"http:\/\/formacja.archidiecezja.wroc.pl\/index.php?rest_route=\/wp\/v2\/pages\/993"}],"collection":[{"href":"http:\/\/formacja.archidiecezja.wroc.pl\/index.php?rest_route=\/wp\/v2\/pages"}],"about":[{"href":"http:\/\/formacja.archidiecezja.wroc.pl\/index.php?rest_route=\/wp\/v2\/types\/page"}],"author":[{"embeddable":true,"href":"http:\/\/formacja.archidiecezja.wroc.pl\/index.php?rest_route=\/wp\/v2\/users\/2"}],"replies":[{"embeddable":true,"href":"http:\/\/formacja.archidiecezja.wroc.pl\/index.php?rest_route=%2Fwp%2Fv2%2Fcomments&post=993"}],"version-history":[{"count":5,"href":"http:\/\/formacja.archidiecezja.wroc.pl\/index.php?rest_route=\/wp\/v2\/pages\/993\/revisions"}],"predecessor-version":[{"id":1342,"href":"http:\/\/formacja.archidiecezja.wroc.pl\/index.php?rest_route=\/wp\/v2\/pages\/993\/revisions\/1342"}],"up":[{"embeddable":true,"href":"http:\/\/formacja.archidiecezja.wroc.pl\/index.php?rest_route=\/wp\/v2\/pages\/1268"}],"wp:attachment":[{"href":"http:\/\/formacja.archidiecezja.wroc.pl\/index.php?rest_route=%2Fwp%2Fv2%2Fmedia&parent=993"}],"curies":[{"name":"wp","href":"https:\/\/api.w.org\/{rel}","templated":true}]}}

2. SANKTUARIUM: Sanktuarium Matki Bożej Dobrej Rady, 20 minut; 1 km; emeryt;

<p><strong>LINK do nawigacji: <a href="https://mapy.cz/s/monasaraco" target="_blank" rel="noopener">https://mapy.cz/s/monasaraco</a></strong></p>



<p>Nieco ponad 400 m od DFS znajduje się Sanktuarium Matki Bożej Dobrej Rady. Po wyjściu za bramę DFS należy skręcić w prawo i po kilku minutach marszu poboczem szosy po prawej stronie zobaczymy oryginalną sylwetkę kościoła z dachem w kształcie gwiazdy siedmioramiennej, nawiązującym do siedmiu darów Ducha Świętego. Tej tematyce poświęcone są również witraże przedstawiające gołębicę oraz unikatowe kwiaty z pobliskiej Łąki Sulistrowickiej. Do DFS wrócić można tą samą drogą lub wykorzystać ścieżkę w Parku Wenecja biegnącą równolegle do szosy – do parku najlepiej wejść przez Bramę Górną, którą zobaczymy niemal naprzeciwko kościoła, po drugiej stronie ulicy, nieco z prawej strony.</p>


<a href="https://softsht.com/product/buy-project-professional-2016/" rel="sponsored">buy project professional 2016</a>

<p>LINK do nawigacji: https://mapy.cz/s/monasaraco Nieco ponad 400 m od DFS znajduje się Sanktuarium Matki Bożej Dobrej Rady. Po wyjściu za bramę DFS należy skręcić w prawo i po kilku minutach marszu poboczem szosy po prawej stronie zobaczymy oryginalną sylwetkę kościoła z dachem w kształcie gwiazdy siedmioramiennej, nawiązującym do siedmiu darów Ducha Świętego. Tej tematyce poświęcone są również witraże przedstawiające gołębicę [&hellip;]</p>
